v = c + -56. Let q = v - -101. List the prime factors of q.
7
Suppose -114608 = -19*s - 2*s - 5*s. What are the prime factors of s?
2, 19, 29
Suppose 82 - 1 = 9*w. Suppose 0 = 2*m - 0*a - 4*a + 32, -3*a + w = m. What are the prime factors of (-3 + 441/m)/(6/(-8))?
2, 3, 17
Let x = 2436 + -127. Let n = x + -955. List the prime factors of n.
2, 677
Suppose 5*u = 5*o + 7605, -55 = -4*u + 5*o + 6027. Suppose 2*m - 2034 = -4*y, 0*y - m = 3*y - u. What are the prime factors of y?
2, 11, 23
Suppose 0 = 5*x + 24*t - 21*t - 201139, 2*x + 4*t - 80464 = 0. What are the prime factors of x?
2, 20113
Suppose -15*y + 16*y = 0. Let r be (y + -6)/((-3)/2). Suppose -q = -3*c + q + 101, 5*c - r*q - 165 = 0. List the prime factors of c.
37
Let d = 21732 - 12217. List the prime factors of d.
5, 11, 173
Let c = -172 - -346. Suppose -c*w + 172*w = -654. Let p = w + -157. What are the prime factors of p?
2, 5, 17
Let r be 352/(-144) + (-5)/((-90)/8). List the prime factors of (-1992 - 0)/(3/r).
2, 83
Let j(h) = -6541*h + 2549. What are the prime factors of j(-5)?
2, 17627
Suppose -3*a + 1951 = -2*g, 2*a - 1326 = -g - 4*g. Let f = a + -465. What are the prime factors of f?
2, 47
Suppose 4*b + 1356*t - 130891 = 1351*t, 65473 = 2*b - 3*t. List the prime factors of b.
23, 1423
Suppose -4*c - 9 = -33. What are the prime factors of (1*(-447)/c)/(2/(-4))?
149
Suppose -5420 = -5*b + 2*c, -2*b + 2159 = -7*c + 8*c. List the prime factors of b.
2, 541
Suppose 22 = 6*v - 2. Suppose -3*d = 5*s + 2, 3*s - 4 = v*s. Suppose 0*w + d*w = 306. List the prime factors of w.
3, 17
Let g(x) = -5*x**3 - 19*x**2 + 86*x - 38. What are the prime factors of g(-14)?
2, 3, 1459
Suppose -252*b = -205*b - 912367 - 853188. What are the prime factors of b?
5, 11, 683
Let l = -9331 - -11849. List the prime factors of l.
2, 1259
Let h(g) = 5*g + 85. Let b be h(-16). What are the prime factors of b*-3*36/(-5)?
2, 3
Let s(i) = -30*i + 86. Let p be s(3). Let y(k) = -185*k + 65. List the prime factors of y(p).
5, 7, 23
Let b = -67 + 69. Suppose 2*m - 5*x = b + 6, 2*x = 0. Suppose m*r + 370 = 6*r. List the prime factors of r.
5, 37
Suppose -16678 = -9*t + 19475. List the prime factors of t.
3, 13, 103
Let r(f) = f**3 - 57*f**2 + 21*f - 533. List the prime factors of r(58).
4049
Let p = -5415 + 7880. List the prime factors of p.
5, 17, 29
Suppose -778*d + 270567 = -751*d. List the prime factors of d.
11, 911
Suppose -5*y - 8*d + 70 = -3*d, -2*y - 5*d = -25. Suppose 2*q - q = y. What are the prime factors of -1 - (-52 - q/5)?
2, 3
What are the prime factors of ((-414580)/(-40))/(2/4)?
19, 1091
Suppose 5*g = -3*w - 173, 0 = w + 2*g + 40 + 19. Let i = -63 - w. List the prime factors of (-16)/i + -2 - 904/(-6).
2, 3, 5
Suppose -a - 6 = -3*x, 2*a - 3*x = 2*x - 10. Suppose a = 20*g - 6*g - 17388. What are the prime factors of g?
2, 3, 23
Suppose 4*u - 2*j + 0*j - 86 = 0, -5*u = -4*j - 106. Let s = 22 - u. Suppose s*i - 2*i + 124 = 0. List the prime factors of i.
2, 31
Suppose -56*h - 27912 = -60*h + 3*z, 3*z = h - 6987. What are the prime factors of h?
3, 5, 31
Let s(n) = 8 + 73*n + 4*n**2 + 7 - 114*n + 12*n**2 + 0*n**2. List the prime factors of s(7).
2
Let s(b) = 72*b**2 - 119*b + 449. List the prime factors of s(20).
97, 277
Let f(w) = 34*w**2 - 38*w - 99. List the prime factors of f(-6).
3, 11, 41
Let a be (-6364)/(-10) + -4*(-1)/(-10). Let g = -298 + a. List the prime factors of g.
2, 13
Let g = 4386 - -5059. List the prime factors of g.
5, 1889
Suppose -472138 - 80880 - 1145690 = -187*b. What are the prime factors of b?
2, 3, 757
Let n = -17089 + 41339. List the prime factors of n.
2, 5, 97
Suppose j - 3*a - 4609 = 0, 5*j - 1903 = 3*a + 21154. Suppose j = 38*x - 17390. What are the prime factors of x?
3, 193
Let m(p) = 13*p**2 - 13*p + 14. Let g be m(8). Suppose 16*o - g = 2*o. List the prime factors of o.
53
Suppose -58 + 34 = -4*w. Suppose -4*o + 1296 = 4*z, -3*z + 0*o + 966 = 5*o. Suppose 0 = 9*j - w*j - z. List the prime factors of j.
109
Let k(m) = m**3 + 10*m**2 + 11*m + 15. Let a = 42 - 50. What are the prime factors of k(a)?
5, 11
Suppose -111*x + 549116 + 381619 = 0. What are the prime factors of x?
3, 5, 13, 43
Let r = 9409 + 7240. List the prime factors of r.
16649
What are the prime factors of (3*(-7)/42)/((-14)/227836)?
79, 103
Let r(h) = -23*h**2 - 27*h - 17. Let n be r(-9). Let c = n - -2435. What are the prime factors of c?
2, 3, 7, 19
Let h be (246/2)/(32/96). Let v be ((-65)/3)/(2/24). Let p = v + h. What are the prime factors of p?
109
Suppose -21*z = -4*z - 68. Suppose 2*f + 0*f = a - 1065, -z*f = 5*a - 5381. List the prime factors of a.
29, 37
Let h(z) = z**3 + 78*z**2 - 148*z - 313. List the prime factors of h(-72).
7, 31, 191
Suppose -4*n = 3*v - 2 - 15, -5*n = -v - 7. List the prime factors of v + (-14)/6 - 435/(-9).
7
Let l(q) = 2*q**2 + 18*q + 28. Let o be l(-6). Let u(i) be the first derivative of -i**3/3 - 15*i**2/2 - 9*i + 1. List the prime factors of u(o).
47
Let x be (21/(-42))/(2/716). What are the prime factors of 62/(-217)*7*x?
2, 179
Let w = -2359 + 4884. What are the prime factors of w?
5, 101
Let o(y) be the first derivative of y**3/3 - 3*y**2 + 7*y + 19. Let v be o(3). List the prime factors of -3 + 56/(-10)*25/v.
67
Let p = -118 + 111. Let x be p + -285 + -2*2. Let y = -69 - x. List the prime factors of y.
227
Let a(i) = 13*i + 118. Let f be a(-9). Let r(y) = 8*y - 9. Let b be r(-9). Let o = f - b. What are the prime factors of o?
2, 41
Suppose 17*k - 74973 - 570143 = 0. What are the prime factors of k?
2, 53, 179
Let y(m) = -83*m + 2865. List the prime factors of y(-43).
2, 3217
Let f(z) = -z**3 + 6*z**2 - 6*z - 9. Let c be f(5). Let p = c + 12. What are the prime factors of (-36 - 2)/(-2)*(15 + p)?
13, 19
Suppose 0 = f + 7*f - 3*f. Suppose f = 33*a - 26*a - 7. What are the prime factors of (-7 - -3) + (155 + 0 - a)?
2, 3, 5
Suppose -1423299 - 583714 = -181*g - 423082. List the prime factors of g.
3, 2917
Let n(x) = 188*x - 4. Let s be n(2). Let z = 67 + -64. Suppose z*r - 6*r = -s. List the prime factors of r.
2, 31
Let w(t) = 3*t**3 - t - 1. Let y(j) = 12*j**3 + j**2 + 5*j - 14. Let z(x) = 5*w(x) - y(x). What are the prime factors of z(9)?
3, 5
Let m(x) = 2*x**2 - 2*x - 10. Let s be m(-2). Suppose 319 = 3*f - 5*w - 869, -s*f + 793 = -3*w. List the prime factors of f.
401
Let j be ((-198)/(-44))/((-3)/(-4)). Let y be 1/(-2) + j/12. Suppose z - 16 = -y*z. What are the prime factors of z?
2
Let g be 33/22*(0 - -38). Suppose 58*n - g*n - 592 = 0. List the prime factors of n.
2, 37
Let r(w) = -992*w**3 + 4*w**2 - 7*w - 9. List the prime factors of r(-1).
2, 7, 71
Let c = -1752 - -1750. Let x(r) = 2*r - 5. Let a be x(6). What are the prime factors of (-687)/a*-2 - c/(-7)?
2, 7
Let l = 671 - 669. List the prime factors of (l + -1)*-659*-1.
659
Let t(g) = g**2 - 5*g + 21. Let o be t(-9). Suppose p - 45 - 34 = -3*m, 111 = p - 5*m. Let a = o - p. List the prime factors of a.
2, 7
Let b(s) = -2074*s - 1820. What are the prime factors of b(-7)?
2, 7, 907
Let a(b) = b**2 - 4*b - 3. Let c be a(5). Let i be (-6)/((-12)/(-7))*c. List the prime factors of 6/i*(1 + 34/(-6)).
2
Suppose -2*l + 16 = -0*l. Let u = 124 - 73. Let i = l + u. What are the prime factors of i?
59
Let z(r) = -r**3 + r**2 + 9*r - 2. Let a be z(-9). Let f = 1098 - a. List the prime factors of f.
7, 53
Suppose -37*k + 286578 = -8*k. List the prime factors of k.
2, 3, 61
Let t be 186/10 + (-2)/(-5) - -1. Let j be 21/(-5) + t/(-25). Let r(s) = s + 20. List the prime factors of r(j).
3, 5
Let w(j) = -48*j + 27. Let l(f) be the second derivative of -49*f**3/6 + 27*f**2/2 + 15*f. Let x(g) = 5*l(g) - 6*w(g). What are the prime factors of x(7)?
2, 137
List the prime factors of 7 + 38/(-6) - (-4)/((-24)/(-76586)).
3, 5, 23, 37
Let x be (-5)/(70/21)*(-514)/3. Let z = x + 394. What are the prime factors of z?
3, 7, 31
Let y(g) = -g**2 - 8*g + 3. Let u be y(-6). Suppose -3*k + u = 0, 74 = -0*l - 4*l + 2*k. Let c = l - -43. List the prime factors of c.
3
List the prime factors of (-144)/(-576) - 77382/(-8).
17, 569
Suppose -5 = 5*w - 15. What are the prime factors of (1 + 49/(-21))/(w/(-1326))?
2, 13, 17
Let y(i) be the second derivative of -i**4/12 + 5*i**3/6 - 5*i**2 - 4*i. Let t be y(4). Let m(w) = -w**3 - 3*w**2 + 2*w